n divisor of 364 and 8.
4
Calculate the greatest common divisor of 513 and 2508.
57
Calculate the greatest common factor of 72 and 192.
24
Calculate the highest common factor of 376 and 5452.
188
What is the greatest common factor of 1577 and 498?
83
What is the highest common factor of 891 and 264?
33
Calculate the highest common factor of 150 and 48.
6
What is the highest common divisor of 16440 and 15?
15
What is the greatest common factor of 135 and 60?
15
Calculate the highest common factor of 11520 and 420.
60
Calculate the greatest common divisor of 342 and 36.
18
Calculate the greatest common divisor of 155 and 30.
5
Calculate the greatest common divisor of 81 and 189.
27
What is the greatest common factor of 87 and 522?
87
Calculate the greatest common divisor of 10 and 355.
5
What is the greatest common factor of 20 and 48820?
20
What is the greatest common factor of 1219 and 667?
23
What is the highest common factor of 21 and 78?
3
What is the highest common factor of 41158 and 52?
26
Calculate the highest common factor of 11 and 143.
11
Calculate the highest common factor of 42630 and 90.
30
What is the greatest common divisor of 396 and 77?
11
What is the highest common divisor of 176 and 110?
22
Calculate the greatest common divisor of 88 and 22.
22
What is the greatest common factor of 132 and 12?
12
What is the highest common factor of 3267 and 81?
27
Calculate the greatest common divisor of 224 and 322.
14
What is the greatest common factor of 3915 and 16530?
435
What is the greatest common factor of 40 and 7880?
40
Calculate the greatest common factor of 8 and 248.
8
Calculate the highest common divisor of 2112 and 66.
66
What is the greatest common divisor of 91 and 143?
13
What is the greatest common divisor of 162 and 90?
18
Calculate the highest common divisor of 50 and 1350.
50
What is the greatest common divisor of 19 and 76?
19
Calculate the highest common factor of 190 and 228.
38
Calculate the greatest common divisor of 2700 and 25.
25
Calculate the highest common factor of 444 and 12.
12
Calculate the greatest common factor of 30 and 1230.
30
What is the highest common factor of 3551 and 201?
67
Calculate the greatest common divisor of 20748 and 12.
12
What is the highest common divisor of 7452 and 54?
54
What is the highest common divisor of 322 and 98?
14
What is the highest common divisor of 1075 and 125?
25
What is the highest common divisor of 57 and 19?
19
Calculate the greatest common divisor of 153 and 8262.
153
What is the greatest common divisor of 300 and 105?
15
What is the greatest common factor of 1359 and 45?
9
Calculate the greatest common factor of 18 and 21591.
9
Calculate the highest common factor of 2232 and 31.
31
Calculate the highest common factor of 260 and 1261.
13
What is the highest common divisor of 7935 and 3105?
345
What is the greatest common factor of 11 and 6787?
11
What is the greatest common divisor of 114 and 76?
38
What is the highest common divisor of 8110 and 20?
10
What is the greatest common divisor of 3 and 9?
3
Calculate the greatest common factor of 70 and 28.
14
What is the greatest common factor of 9368 and 4?
4
Calculate the highest common divisor of 1318 and 2.
2
What is the highest common divisor of 891 and 132?
33
Calculate the greatest common divisor of 472 and 2183.
59
Calculate the greatest common divisor of 53 and 1.
1
What is the highest common divisor of 262 and 2?
2
Calculate the highest common factor of 1434 and 12.
6
Calculate the highest common factor of 11 and 143.
11
What is the highest common divisor of 13 and 208?
13
Calculate the highest common factor of 4064 and 112.
16
What is the highest common factor of 992 and 4?
4
What is the highest common factor of 60 and 12?
12
What is the greatest common factor of 445 and 5?
5
What is the greatest common factor of 70 and 154?
14
Calculate the greatest common factor of 1 and 8.
1
What is the greatest common factor of 136 and 3434?
34
Calculate the greatest common divisor of 21 and 1344.
21
What is the highest common divisor of 36 and 1116?
36
What is the highest common divisor of 297 and 55?
11
What is the greatest common factor of 90 and 345?
15
Calculate the greatest common factor of 6 and 9474.
6
Calculate the greatest common divisor of 691 and 1.
1
Calculate the highest common factor of 1953 and 126.
63
Calculate the highest common divisor of 8 and 232.
8
What is the highest common factor of 949 and 2263?
73
What is the greatest common factor of 15343 and 201?
67
What is the greatest common divisor of 68 and 1666?
34
Calculate the greatest common divisor of 9 and 576.
9
What is the highest common divisor of 996 and 12?
12
What is the greatest common factor of 19088 and 16?
16
Calculate the highest common factor of 243 and 27.
27
Calculate the highest common factor of 10248 and 126.
42
What is the highest common divisor of 522 and 1131?
87
Calculate the highest common factor of 261 and 1363.
29
What is the highest common factor of 111 and 1628?
37
Calculate the highest common divisor of 2489 and 262.
131
Calculate the greatest common factor of 1450 and 50.
50
What is the greatest common divisor of 860 and 10?
10
Calculate the greatest common divisor of 21 and 2541.
21
Calculate the greatest common factor of 55 and 20.
5
Calculate the greatest common factor of 156 and 3003.
39
Calculate the greatest common divisor of 80 and 2000.
80
What is the greatest common factor of 279 and 9?
9
Calculate the greatest common factor of 2511 and 648.
81
What is the highest common divisor of 1176 and 147?
147
Calculate the highest common factor of 18 and 846.
18
What is the highest common divisor of 495 and 1452?
33
What is the highest common divisor of 3939 and 39?
39
Calculate the greatest common divisor of 69 and 253.
23
Calculate the highest common divisor of 221 and 17.
17
Calculate the greatest common factor of 10 and 4.
2
What is the highest common divisor of 27 and 3924?
9
What is the greatest common divisor of 105 and 4445?
35
What is the highest common divisor of 72 and 162?
18
Calculate the greatest common factor of 48 and 21.
3
Calculate the greatest common factor of 1890 and 910.
70
Calculate the greatest common divisor of 56 and 7168.
56
What is the greatest common divisor of 165 and 5555?
55
Calculate the greatest common factor of 440 and 88.
88
Calculate the greatest common factor of 2 and 162.
2
Calculate the highest common divisor of 14196 and 168.
84
Calculate the highest common factor of 22 and 374.
22
What is the greatest common factor of 9 and 180?
9
Calculate the highest common factor of 172 and 4.
4
What is the highest common factor of 27 and 36?
9
Calculate the highest common factor of 777 and 21.
21
Calculate the highest common factor of 2280 and 264.
24
What is the highest common factor of 66 and 2046?
66
What is the greatest common divisor of 1023 and 33?
33
Calculate the greatest common factor of 434 and 124.
62
What is the highest common factor of 2358 and 655?
131
Calculate the greatest common factor of 84 and 36.
12
What is the greatest common factor of 14 and 658?
14
What is the greatest common divisor of 1943 and 145?
29
What is the greatest common factor of 23 and 368?
23
Calculate the highest common divisor of 24 and 1092.
12
What is the greatest common divisor of 207 and 483?
69
What is the highest common divisor of 807 and 8339?
269
Calculate the highest common factor of 100 and 225.
25
Calculate the highest common factor of 220 and 132.
44
What is the greatest common factor of 84 and 63252?
84
What is the highest common factor of 2294 and 1178?
62
What is the greatest common factor of 1212 and 156?
12
What is the highest common divisor of 2171 and 65?
13
What is the greatest common divisor of 50 and 200?
50
What is the greatest common factor of 72 and 594?
18
Calculate the highest common factor of 200 and 160.
40
Calculate the greatest common divisor of 406 and 754.
58
Calculate the highest common factor of 137 and 35209.
137
Calculate the greatest common divisor of 63 and 144.
9
Calculate the greatest common divisor of 336 and 768.
48
What is the greatest common divisor of 78 and 30?
6
Calculate the highest common factor of 95 and 10.
5
Calculate the highest common factor of 3273